-28?
1026
In base 6, what is 4 + -52051?
-52043
In base 13, what is 4 - -9934?
9938
In base 12, what is -18786 + 3?
-18783
In base 6, what is 1001 + 1431?
2432
In base 8, what is 5113 + 52?
5165
In base 4, what is -3302 + -2222?
-12130
In base 3, what is -100001212 + -10011?
-100012000
In base 9, what is -35 + 4482?
4446
In base 6, what is 11 - -332221?
332232
In base 8, what is 10307 + -142?
10145
In base 13, what is -3 + 8468?
8465
In base 8, what is 0 - -76253?
76253
In base 8, what is -1710 - 265?
-2175
In base 16, what is -4 + -c57?
-c5b
In base 13, what is 130 - -a0?
200
In base 13, what is 6 + -35bac2?
-35bab9
In base 14, what is -2663b - 6?
-26643
In base 16, what is 7 - d5e8?
-d5e1
In base 13, what is -2 + -136b?
-1370
In base 11, what is 77 - 1925?
-1859
In base 13, what is -12a4 - -57?
-124a
In base 4, what is 11 + 20031332?
20032003
In base 16, what is 100 - c1?
3f
In base 3, what is 11021 + 112211?
201002
In base 10, what is 305073 + 3?
305076
In base 2, what is 10101 + -101000110100?
-101000011111
In base 6, what is 1003 + -3110?
-2103
In base 9, what is -8 + -415700?
-415708
In base 11, what is 2 + 4955?
4957
In base 6, what is -3413545 - 0?
-3413545
In base 4, what is 1 - 1303020?
-1303013
In base 7, what is 561 - -211?
1102
In base 16, what is 44aa1e - -4?
44aa22
In base 4, what is -2220323 - 10?
-2220333
In base 16, what is a0 - -319a?
323a
In base 5, what is -32 - -331301?
331214
In base 4, what is 133 + -22201222?
-22201023
In base 15, what is 4b837c + -1?
4b837b
In base 6, what is 14 - -212354?
212412
In base 6, what is -24110401 - -2?
-24110355
In base 6, what is -32225 - -11?
-32214
In base 9, what is -2417 - -6?
-2411
In base 12, what is -17888 + 7?
-17881
In base 12, what is 358a + 5b?
3629
In base 16, what is -1f0 + 71?
-17f
In base 7, what is -23165 + -31?
-23226
In base 7, what is 5631 + 614?
6545
In base 12, what is 73a - 72?
688
In base 12, what is 13b14 + -21?
13ab3
In base 10, what is -26 + 75?
49
In base 13, what is -9118 + -2?
-911a
In base 8, what is 6 + 654553?
654561
In base 8, what is -43 + 54076?
54033
In base 11, what is -1 + -3a5038?
-3a5039
In base 6, what is -525342 + -24?
-525410
In base 9, what is 7 - -154504?
154512
In base 7, what is 2263 - -45?
2341
In base 3, what is -201210 + 1220?
-122220
In base 5, what is -1021124341 - 0?
-1021124341
In base 2, what is -1100111101111100 - 100?
-1100111110000000
In base 7, what is 4 - -264222?
264226
In base 14, what is -4 + 1a63ca?
1a63c6
In base 5, what is -4021 - -222?
-3244
In base 5, what is 13214232 - 0?
13214232
In base 13, what is -138 + -46?
-181
In base 16, what is 21c - 5?
217
In base 10, what is -157 - 3646?
-3803
In base 6, what is -4042314 + -1?
-4042315
In base 5, what is 322032 + 32?
322114
In base 16, what is 913 - -6?
919
In base 11, what is -193340 - -5?
-193336
In base 2, what is -1011010111 + 101000000011?
11100101100
In base 10, what is 0 + 34898?
34898
In base 2, what is 11010010000 - -1110?
11010011110
In base 6, what is -10002 - -14?
-5544
In base 14, what is -3 - 138c1?
-138c4
In base 10, what is 938 - -301?
1239
In base 4, what is 10 + -10202000?
-10201330
In base 12, what is 59 - 284?
-227
In base 15, what is 1c + 9c?
b9
In base 11, what is -535364 - 4?
-535368
In base 10, what is -2 - 41?
-43
In base 4, what is 3 - 213022?
-213013
In base 9, what is -22 - 220506?
-220528
In base 8, what is -102 - -667?
565
In base 13, what is -61 + 423c?
41ab
In base 16, what is 4573 + -f0?
4483
In base 13, what is -73 - 399?
-43c
In base 7, what is 4030 - -12?
4042
In base 8, what is -14676002 - -3?
-14675777
In base 15, what is -2 + -6a8a3?
-6a8a5
In base 8, what is 4410757 + 5?
4410764
In base 5, what is -1241 - -120?
-1121
In base 15, what is -65 + 206?
191
In base 6, what is 0 + -1054?
-1054
In base 4, what is 11 + -1233013311?
-1233013300
In base 13, what is 124b57 - -1?
124b58
In base 5, what is -4 + 320?
311
In base 11, what is -24410 - 5?
-24415
In base 16, what is -1 + -c3c?
-c3d
In base 15, what is -2 + -6115?
-6117
In base 5, what is 41 - -2331?
2422
In base 13, what is -74 + 424?
380
In base 3, what is -10 + -1110222021122?
-1110222021202
In base 4, what is -3121 - -131102?
121321
In base 5, what is 0 - -14214?
14214
In base 6, what is 33 + 435005?
435042
In base 2, what is -1001 + 1101000010111?
1101000001110
In base 11, what is -124 + -15a?
-283
In base 11, what is -3 + 1894?
1891
In base 11, what is 3 - -86a36?
86a39
In base 7, what is -1 - 12433?
-12434
In base 11, what is 4 + -27801?
-277a8
In base 7, what is -46324 - 5?
-46332
In base 3, what is 21102 + 11001100?
11022202
In base 5, what is 230440233 + 10?
230440243
In base 10, what is -2 + -350?
-352
In base 3, what is -222011 - -2022?
-212212
In base 10, what is 5 + 36232?
36237
In base 11, what is 54 + 7864?
7908
In base 2, what is -1 - -11110001111010?
11110001111001
In base 7, what is -655 + 30403?
26415
In base 5, what is 1 - -110142?
110143
In base 8, what is 576406 + 1?
576407
In base 2, what is 10001 + -11101001110?
-11100111101
In base 5, what is -2330011 + 132?
-2324324
In base 9, what is -506 - -3883?
3376
In base 7, what is 3062020 - -5?
3062025
In base 13, what is -1a92 + -2a?
-1abc
In base 3, what is 10200100 + 212?
10201012
In base 3, what is 1021121 - -2110?
1101001
In base 5, what is -323 - 420221?
-421044
In base 7, what is 45 + 550400?
550445
In base 7, what is -1326 - 211?
-1540
In base 3, what is -2 + -202001011?
-202001020
In base 4, what is 1233122233 - -1?
1233122300
In base 9, what is -17 - 14562?
-14580
In base 11, what is 4 - -40388?
40391
In base 9, what is -3 - 6542?
-6545
In base 2, what is -11101000111111100 + -100?
-11101001000000000
In base 16, what is 3faf + 2?
3fb1
In base 8, what is 14 - 1404?
-1370
In base 6, what is 5 - 1053022?
-1053013
In base 11, what is -71 - 28266?
-28327
In base 4, what is 1 + 133130130?
133130131
In base 4, what is 1022112330 - 10?
1022112320
In base 13, what is 5 + 1c43ac?
1c43b4
In base 2, what is 10110010000111 - -1?
10110010001000
In base 7, what is 135640 + -66?
135541
In base 16, what is 2 - -5ad?
5af
In base 4, what is -3313 - 3203?
-13122
In base 2, what is 101101111111 + -101010?
101101010101
In base 12, what is 423 + 24b?
672
In base 4, what is 13 - -100101?
100120
In base 2, what is 1011010 + -10111111001?
-10110011111
In base 2, what is -100000000010111010 + -10?
-100000000010111100
In base 3, what is 112200211 - 12102?
112111102
In base 5, what is -4 + -34213?
-34222
In base 3, what is 1111121 + 2000101?
10111222
In base 11, what is -35791 + 4?
-35788
In base 15, what is -28 + -17359?
-17382
In base 15, what is 261 - -8c?
2ed
In base 8, what is 14403 + 14?
14417
In base 7, what is 32636 - 6?
32630
In base 16, what is -2002e + 0?
-2002e
In base 16, what is e6a + -8b?
ddf
In base 2, what is -1 + 10101111101011110011?
10101111101011110010
In base 15, what is -3 + 7cbb4?
7cbb1
In base 16, what is -16ce2 + -3?
-16ce5
In base 11, what is 23334 + -2?
23332
In base 15, what is -bd - -a1?
-1c
In base 13, what is -b + 5c9?
5bb
In base 14, what is 8314 - 13?
8301
In base 16, what is 673 - 11e?
555
In base 12, what is 236 - 54?
1a2
In base 13, what is -12 - -1661?
164c
In base 5, what is -331 + -12?
-343
In base 12, what is 7 - 569?
-562
In base 12, what is 4523a - -5?
45243
In base 12, what is -1b8 + 19a3?
17a7
In base 2, what is 10011 - 1111110010010111?
-1111110010000100
In base 13, what is 46 - -754?
79a
In base 10, what is 286236 + -5?
286231
In base 14, what is bd + -51?
6c
In base 15, what is -5d4 + -ab?
-690
In base 16, what is -839 + -2?
-83b
In base 15, what is 8cd5 + -5?
8cd0
In base 5, what is 1300231 - 1?
1300230
In base 10, what is -1720 + 127?
-1593
In base 12, what is -2b + -148?
-177
In base 14, what is -5 - 43c3?
-43c8
In base 3, what is -12202202 + 2?
-12202200
In base 4, what is 12222 - 310?
11312
In base 7, what is 2 + -5353461?
-5353456
In base 10, what is -298166 - -4?
-298162
In base 10, what is 5 - -5836?
5841
In base 10, what is 166134 + -1?
166133
In base 6, what is -5 + -40342435?
-40342444
In base 6, what is -35552 + 2?
-35550
In base 4, what is 10020121133 - -12?
10020121211
In base 10, what is 2 - 173257?
-173255
In base 8, what is -111 + 206?
75
In base 12, what is -5 - 9332?
-93